{"id":3487,"date":"2020-08-14T00:24:15","date_gmt":"2020-08-14T05:24:15","guid":{"rendered":"http:\/\/apacolmich.com\/?page_id=3487"},"modified":"2021-11-22T23:54:13","modified_gmt":"2021-11-23T05:54:13","slug":"acerca-de-nosotros","status":"publish","type":"page","link":"https:\/\/apacolmich.com\/index.php\/acerca-de-nosotros\/","title":{"rendered":"Acerca de Nosotros"},"content":{"rendered":"\t\t<div data-elementor-type=\"wp-page\" data-elementor-id=\"3487\" class=\"elementor elementor-3487\" data-elementor-settings=\"[]\">\n\t\t\t\t\t\t<div class=\"elementor-inner\">\n\t\t\t\t\t\t\t<div class=\"elementor-section-wrap\">\n\t\t\t\t\t\t\t<section class=\"elementor-section elementor-top-section elementor-element elementor-element-2711c40 elementor-section-content-middle elementor-section-boxed elementor-section-height-default elementor-section-height-default\" data-id=\"2711c40\" data-element_type=\"section\" data-settings=\"{&quot;background_background&quot;:&quot;classic&quot;}\">\n\t\t\t\t\t\t<div class=\"elementor-container elementor-column-gap-no\">\n\t\t\t\t\t\t\t<div class=\"elementor-row\">\n\t\t\t\t\t<div class=\"elementor-column elementor-col-33 elementor-top-column elementor-element elementor-element-87113ef\" data-id=\"87113ef\" data-element_type=\"column\">\n\t\t\t<div class=\"elementor-column-wrap elementor-element-populated\">\n\t\t\t\t\t\t\t<div class=\"elementor-widget-wrap\">\n\t\t\t\t\t\t<div class=\"elementor-element elementor-element-c3e260c elementor-widget elementor-widget-heading\" data-id=\"c3e260c\" data-element_type=\"widget\" data-widget_type=\"heading.default\">\n\t\t\t\t<div class=\"elementor-widget-container\">\n\t\t\t<h2 class=\"elementor-heading-title elementor-size-default\">Acerca de Nosotros<\/h2>\t\t<\/div>\n\t\t\t\t<\/div>\n\t\t\t\t<div class=\"elementor-element elementor-element-9f13fdb elementor-widget elementor-widget-text-editor\" data-id=\"9f13fdb\" data-element_type=\"widget\" data-widget_type=\"text-editor.default\">\n\t\t\t\t<div class=\"elementor-widget-container\">\n\t\t\t\t\t<div class=\"elementor-text-editor elementor-clearfix\"><p style=\"text-align: justify;\"><span lang=\"ES-TRAD\" style=\"font-size: 12.0pt; font-family: 'Cambria',serif; mso-ascii-theme-font: minor-latin; mso-fareast-font-family: 'MS Mincho'; mso-fareast-theme-font: minor-fareast; mso-hansi-theme-font: minor-latin; mso-bidi-font-family: 'Times New Roman'; mso-bidi-theme-font: minor-bidi; mso-ansi-language: ES-TRAD; mso-fareast-language: ES; mso-bidi-language: AR-SA;\">La APACOLMICH es una agrupaci\u00f3n sindical de car\u00e1cter gremial del personal acad\u00e9mico al servicio de El Colegio de Michoac\u00e1n, A. C., cuyo origen se remonta al 3 de junio de 2019, y que tiene como objeto:<\/span><\/p><p style=\"text-align: justify;\"><span style=\"font-size: 12.0pt; font-family: 'Cambria',serif; mso-ascii-theme-font: minor-latin; mso-fareast-font-family: 'MS Mincho'; mso-fareast-theme-font: minor-fareast; mso-hansi-theme-font: minor-latin; mso-bidi-font-family: 'Times New Roman'; mso-bidi-theme-font: minor-bidi; mso-ansi-language: ES-MX; mso-fareast-language: ES; mso-bidi-language: AR-SA;\">representar, expresar y defender el inter\u00e9s colectivo de sus miembros en los asuntos derivados de su relaci\u00f3n laboral con El Colegio de Michoac\u00e1n, A. C.<\/span><\/p><\/div>\n\t\t\t\t<\/div>\n\t\t\t\t<\/div>\n\t\t\t\t<div class=\"elementor-element elementor-element-e3f884b elementor-widget elementor-widget-text-editor\" data-id=\"e3f884b\" data-element_type=\"widget\" data-widget_type=\"text-editor.default\">\n\t\t\t\t<div class=\"elementor-widget-container\">\n\t\t\t\t\t<div class=\"elementor-text-editor elementor-clearfix\"><p style=\"text-align: justify;\"><span class=\"normaltextrun\"><span style=\"font-size: 12.0pt; font-family: 'Cambria',serif; mso-ascii-theme-font: minor-latin; mso-fareast-font-family: 'MS Mincho'; mso-fareast-theme-font: minor-fareast; mso-hansi-theme-font: minor-latin; mso-bidi-font-family: 'Times New Roman'; mso-bidi-theme-font: minor-bidi; mso-ansi-language: ES-MX; mso-fareast-language: ES; mso-bidi-language: AR-SA;\">Suscribir y negociar el Contrato Colectivo de Trabajo aplicable al personal acad\u00e9mico al servicio de El Colegio de Michoac\u00e1n, A. C., as\u00ed como velar por su cumplimiento; proteger los derechos laborales y el derecho al debido proceso de sus agremiados, sin menoscabo de la excelencia acad\u00e9mica.<\/span><\/span><\/p><\/div>\n\t\t\t\t<\/div>\n\t\t\t\t<\/div>\n\t\t\t\t\t\t<\/div>\n\t\t\t\t\t<\/div>\n\t\t<\/div>\n\t\t\t\t<div class=\"elementor-column elementor-col-33 elementor-top-column elementor-element elementor-element-1c858c8\" data-id=\"1c858c8\" data-element_type=\"column\">\n\t\t\t<div class=\"elementor-column-wrap elementor-element-populated\">\n\t\t\t\t\t\t\t<div class=\"elementor-widget-wrap\">\n\t\t\t\t\t\t<div class=\"elementor-element elementor-element-643d01c elementor-widget elementor-widget-image\" data-id=\"643d01c\" data-element_type=\"widget\" data-widget_type=\"image.default\">\n\t\t\t\t<div class=\"elementor-widget-container\">\n\t\t\t\t\t<div class=\"elementor-image\">\n\t\t\t\t\t\t\t\t\t\t<img width=\"1389\" height=\"2098\" src=\"https:\/\/apacolmich.com\/wp-content\/uploads\/2020\/08\/LOGO_elegant-01-01.png\" class=\"attachment-full size-full\" alt=\"\" loading=\"lazy\" srcset=\"https:\/\/apacolmich.com\/wp-content\/uploads\/2020\/08\/LOGO_elegant-01-01.png 1389w, https:\/\/apacolmich.com\/wp-content\/uploads\/2020\/08\/LOGO_elegant-01-01-199x300.png 199w, https:\/\/apacolmich.com\/wp-content\/uploads\/2020\/08\/LOGO_elegant-01-01-678x1024.png 678w, https:\/\/apacolmich.com\/wp-content\/uploads\/2020\/08\/LOGO_elegant-01-01-768x1160.png 768w, https:\/\/apacolmich.com\/wp-content\/uploads\/2020\/08\/LOGO_elegant-01-01-1017x1536.png 1017w, https:\/\/apacolmich.com\/wp-content\/uploads\/2020\/08\/LOGO_elegant-01-01-1356x2048.png 1356w\" sizes=\"(max-width: 1389px) 100vw, 1389px\" \/>\t\t\t\t\t\t\t\t\t\t\t<\/div>\n\t\t\t\t<\/div>\n\t\t\t\t<\/div>\n\t\t\t\t\t\t<\/div>\n\t\t\t\t\t<\/div>\n\t\t<\/div>\n\t\t\t\t<div class=\"elementor-column elementor-col-33 elementor-top-column elementor-element elementor-element-f1d9dd1\" data-id=\"f1d9dd1\" data-element_type=\"column\">\n\t\t\t<div class=\"elementor-column-wrap elementor-element-populated\">\n\t\t\t\t\t\t\t<div class=\"elementor-widget-wrap\">\n\t\t\t\t\t\t<div class=\"elementor-element elementor-element-ae12747 elementor-widget elementor-widget-heading\" data-id=\"ae12747\" data-element_type=\"widget\" data-widget_type=\"heading.default\">\n\t\t\t\t<div class=\"elementor-widget-container\">\n\t\t\t<h3 class=\"elementor-heading-title elementor-size-default\">Consejo Directivo <br>2021-2023<\/h3>\t\t<\/div>\n\t\t\t\t<\/div>\n\t\t\t\t<div class=\"elementor-element elementor-element-3aa4832 elementor-widget elementor-widget-text-editor\" data-id=\"3aa4832\" data-element_type=\"widget\" data-widget_type=\"text-editor.default\">\n\t\t\t\t<div class=\"elementor-widget-container\">\n\t\t\t\t\t<div class=\"elementor-text-editor elementor-clearfix\"><h4 style=\"text-align: center;\"><span style=\"font-size: 18px; color: #ffffff;\">Mart\u00edn S\u00e1nchez Rodr\u00edguez<\/span><br><span style=\"color: #ffffff;\"><i>Secretario General<\/i><\/span><\/h4>\n<h4 style=\"text-align: center;\"><span style=\"font-size: 18px; color: #ffffff;\">N\u00e9stor Corona Morales<\/span><br><span style=\"font-size: 18px; color: #ffffff;\"><i style=\"font-size: 18px;\">Secretario de Actas, Acuerdos y Organizaci\u00f3n<\/i><\/span><\/h4>\n<h4 style=\"text-align: center;\"><span style=\"font-size: 18px; color: #ffffff;\">Nubia Cort\u00e9s M\u00e1rquez<\/span><br><span style=\"color: #ffffff;\"><i>Tesorera<\/i><\/span><\/h4>\n<div>\n<h4 style=\"text-align: center;\"><span style=\"color: #ffffff;\">Jorge Alejandro Romero Barriga<\/span><br><span style=\"color: #ffffff;\"><em>Protesorero<\/em><\/span><\/h4>\n<\/div>\n<h4 style=\"text-align: center;\"><span style=\"font-size: 18px; color: #ffffff;\">Ver\u00f3nica Oiki\u00f3n Solano<\/span><br><span style=\"font-size: 18px; color: #ffffff;\"><i style=\"font-size: 18px;\">Primer Vocal<\/i><\/span><\/h4>\n<div>\n<h4 style=\"text-align: center;\"><span style=\"font-size: 18px; color: #ffffff;\">Laura Graciela M\u00e9ndez Reyes<\/span><br><span style=\"font-size: 18px; color: #ffffff;\"><i style=\"font-size: 18px;\">SegundoVocal<\/i><\/span><\/h4>\n<\/div><\/div>\n\t\t\t\t<\/div>\n\t\t\t\t<\/div>\n\t\t\t\t\t\t<\/div>\n\t\t\t\t\t<\/div>\n\t\t<\/div>\n\t\t\t\t\t\t\t\t<\/div>\n\t\t\t\t\t<\/div>\n\t\t<\/section>\n\t\t\t\t<section class=\"elementor-section elementor-top-section elementor-element elementor-element-d24b4b1 elementor-section-full_width elementor-section-content-middle elementor-section-height-default elementor-section-height-default\" data-id=\"d24b4b1\" data-element_type=\"section\">\n\t\t\t\t\t\t<div class=\"elementor-container elementor-column-gap-no\">\n\t\t\t\t\t\t\t<div class=\"elementor-row\">\n\t\t\t\t\t<div class=\"elementor-column elementor-col-100 elementor-top-column elementor-element elementor-element-8825c9f\" data-id=\"8825c9f\" data-element_type=\"column\" data-settings=\"{&quot;background_background&quot;:&quot;classic&quot;}\">\n\t\t\t<div class=\"elementor-column-wrap elementor-element-populated\">\n\t\t\t\t\t\t\t<div class=\"elementor-widget-wrap\">\n\t\t\t\t\t\t<div class=\"elementor-element elementor-element-7b0eecf elementor-widget elementor-widget-text-editor\" data-id=\"7b0eecf\" data-element_type=\"widget\" data-widget_type=\"text-editor.default\">\n\t\t\t\t<div class=\"elementor-widget-container\">\n\t\t\t\t\t<div class=\"elementor-text-editor elementor-clearfix\"><p style=\"text-align: justify;\"><span style=\"font-size: 12.0pt; font-family: 'Cambria',serif; mso-ascii-theme-font: minor-latin; mso-fareast-font-family: 'MS Mincho'; mso-fareast-theme-font: minor-fareast; mso-hansi-theme-font: minor-latin; mso-bidi-font-family: 'Times New Roman'; mso-bidi-theme-font: minor-bidi; mso-ansi-language: ES-MX; mso-fareast-language: ES; mso-bidi-language: AR-SA;\">P<\/span><span style=\"font-family: Cambria, serif; font-size: 12pt;\">ropiciar, respaldar y defender el ejercicio pleno de las libertades de c\u00e1tedra e investigaci\u00f3n, as\u00ed como del pluralismo ideol\u00f3gico y la libertad de expresi\u00f3n y de pensamiento; fomentar la solidaridad, cooperaci\u00f3n, conocimiento y comunicaci\u00f3n entre sus miembros; promover la comunicaci\u00f3n entre sus miembros y con las autoridades de El Colegio de Michoac\u00e1n, A. C.,\u00a0<\/span><span style=\"font-size: 12.0pt; font-family: 'Cambria',serif; mso-ascii-theme-font: minor-latin; mso-fareast-font-family: 'MS Mincho'; mso-fareast-theme-font: minor-fareast; mso-hansi-theme-font: minor-latin; mso-bidi-font-family: 'Times New Roman'; mso-bidi-theme-font: minor-bidi; mso-ansi-language: ES-MX; mso-fareast-language: ES; mso-bidi-language: AR-SA;\">as\u00ed como con otros individuos y \u00f3rganos de orden colectivo en la instituci\u00f3n; procurar el mejoramiento de las condiciones materiales del trabajo acad\u00e9mico, incluyendo remuneraciones, salarios, prestaciones, cr\u00e9ditos y ahorro, seguridad personal y econ\u00f3mica, oportunidades de desarrollo, estabilidad y respeto al personal; instrumentar todas las acciones que, de acuerdo con los presentes estatutos y el contrato colectivo de trabajo, sean necesarias para promover y garantizar las condiciones de retiro dignas para sus afiliados;\u00a0<\/span><span style=\"font-family: Cambria, serif; font-size: 12pt;\">promover la investigaci\u00f3n, docencia, difusi\u00f3n y vinculaci\u00f3n en Historia, Antropolog\u00eda, Arqueolog\u00eda, Ciencias Sociales y \u00e1reas afines; y realizar actos jur\u00eddicos y administrativos en representaci\u00f3n de sus agremiados.<\/span><\/p><p style=\"text-align: justify;\"><span style=\"font-family: Cambria, serif; font-size: 12pt;\">La APACOLMICH se rige bajo el principio de autonom\u00eda, que implica la no injerencia de quienquiera que sea en su vida interna, y bajo la premisa de la libertad de expresi\u00f3n, sin temor a represi\u00f3n alguna y con el derecho a ejercer sus actividades apegadas al Estatuto General.<\/span><\/p><p style=\"text-align: center;\">\u00a0<\/p><\/div>\n\t\t\t\t<\/div>\n\t\t\t\t<\/div>\n\t\t\t\t\t\t<\/div>\n\t\t\t\t\t<\/div>\n\t\t<\/div>\n\t\t\t\t\t\t\t\t<\/div>\n\t\t\t\t\t<\/div>\n\t\t<\/section>\n\t\t\t\t\t\t<\/div>\n\t\t\t\t\t\t<\/div>\n\t\t\t\t\t<\/div>\n\t\t","protected":false},"excerpt":{"rendered":"<p>Acerca de Nosotros La APACOLMICH es una agrupaci\u00f3n sindical de car\u00e1cter gremial del personal acad\u00e9mico al servicio de El Colegio de Michoac\u00e1n, A. C., cuyo origen se remonta al 3 de junio de 2019, y que tiene como objeto: representar, expresar y defender el inter\u00e9s colectivo de sus miembros en los asuntos derivados de su relaci\u00f3n laboral con El Colegio de Michoac\u00e1n, A. C. Suscribir y negociar el Contrato Colectivo&hellip;<\/p>\n","protected":false},"author":2,"featured_media":0,"parent":0,"menu_order":0,"comment_status":"closed","ping_status":"closed","template":"","meta":[],"_links":{"self":[{"href":"https:\/\/apacolmich.com\/index.php\/wp-json\/wp\/v2\/pages\/3487"}],"collection":[{"href":"https:\/\/apacolmich.com\/index.php\/wp-json\/wp\/v2\/pages"}],"about":[{"href":"https:\/\/apacolmich.com\/index.php\/wp-json\/wp\/v2\/types\/page"}],"author":[{"embeddable":true,"href":"https:\/\/apacolmich.com\/index.php\/wp-json\/wp\/v2\/users\/2"}],"replies":[{"embeddable":true,"href":"https:\/\/apacolmich.com\/index.php\/wp-json\/wp\/v2\/comments?post=3487"}],"version-history":[{"count":125,"href":"https:\/\/apacolmich.com\/index.php\/wp-json\/wp\/v2\/pages\/3487\/revisions"}],"predecessor-version":[{"id":4221,"href":"https:\/\/apacolmich.com\/index.php\/wp-json\/wp\/v2\/pages\/3487\/revisions\/4221"}],"wp:attachment":[{"href":"https:\/\/apacolmich.com\/index.php\/wp-json\/wp\/v2\/media?parent=3487"}],"curies":[{"name":"wp","href":"https:\/\/api.w.org\/{rel}","templated":true}]}}